actors of 115205.
5, 23041
List the prime factors of 1194.
2, 3, 199
What are the prime factors of 737?
11, 67
List the prime factors of 1232.
2, 7, 11
List the prime factors of 5974.
2, 29, 103
List the prime factors of 1758.
2, 3, 293
List the prime factors of 4090.
2, 5, 409
What are the prime factors of 2907?
3, 17, 19
What are the prime factors of 623?
7, 89
What are the prime factors of 7339?
41, 179
List the prime factors of 14291.
31, 461
List the prime factors of 420.
2, 3, 5, 7
What are the prime factors of 40227?
3, 11, 23, 53
List the prime factors of 105120.
2, 3, 5, 73
What are the prime factors of 1710?
2, 3, 5, 19
What are the prime factors of 49699?
13, 3823
What are the prime factors of 18292?
2, 17, 269
What are the prime factors of 1929?
3, 643
What are the prime factors of 1104?
2, 3, 23
List the prime factors of 3791.
17, 223
List the prime factors of 17107.
17107
List the prime factors of 4789.
4789
List the prime factors of 41703.
3, 13901
List the prime factors of 1320.
2, 3, 5, 11
List the prime factors of 1223.
1223
What are the prime factors of 5791?
5791
List the prime factors of 24996.
2, 3, 2083
What are the prime factors of 19883?
59, 337
List the prime factors of 993.
3, 331
List the prime factors of 8703.
3, 967
List the prime factors of 35547.
3, 17, 41
What are the prime factors of 58217?
58217
List the prime factors of 37027.
61, 607
What are the prime factors of 7583?
7583
List the prime factors of 10967.
11, 997
List the prime factors of 1493.
1493
What are the prime factors of 18724?
2, 31, 151
What are the prime factors of 1441?
11, 131
What are the prime factors of 8274?
2, 3, 7, 197
What are the prime factors of 8738?
2, 17, 257
List the prime factors of 91803.
3, 71, 431
What are the prime factors of 966?
2, 3, 7, 23
What are the prime factors of 656?
2, 41
What are the prime factors of 3835?
5, 13, 59
What are the prime factors of 3599?
59, 61
What are the prime factors of 39065?
5, 13, 601
What are the prime factors of 9755?
5, 1951
What are the prime factors of 2205?
3, 5, 7
What are the prime factors of 6145?
5, 1229
What are the prime factors of 590?
2, 5, 59
What are the prime factors of 4839?
3, 1613
List the prime factors of 8090.
2, 5, 809
List the prime factors of 18296.
2, 2287
What are the prime factors of 250?
2, 5
What are the prime factors of 4934?
2, 2467
List the prime factors of 7551.
3, 839
What are the prime factors of 7406?
2, 7, 23
List the prime factors of 1297.
1297
What are the prime factors of 10028?
2, 23, 109
List the prime factors of 47691.
3, 7, 757
What are the prime factors of 107503?
11, 29, 337
List the prime factors of 26520.
2, 3, 5, 13, 17
What are the prime factors of 23266?
2, 11633
What are the prime factors of 4961?
11, 41
What are the prime factors of 1973?
1973
What are the prime factors of 31278?
2, 3, 13, 401
List the prime factors of 102502.
2, 53, 967
List the prime factors of 134.
2, 67
What are the prime factors of 73764?
2, 3, 683
What are the prime factors of 28142?
2, 14071
List the prime factors of 7629.
3, 2543
List the prime factors of 16158.
2, 3, 2693
List the prime factors of 2963.
2963
List the prime factors of 4313.
19, 227
What are the prime factors of 1114?
2, 557
What are the prime factors of 165193?
7, 23599
List the prime factors of 442.
2, 13, 17
List the prime factors of 9653.
7, 197
What are the prime factors of 2204?
2, 19, 29
List the prime factors of 7155.
3, 5, 53
List the prime factors of 110.
2, 5, 11
List the prime factors of 2582.
2, 1291
What are the prime factors of 3719?
3719
List the prime factors of 5183.
71, 73
List the prime factors of 375.
3, 5
List the prime factors of 1750.
2, 5, 7
What are the prime factors of 1188?
2, 3, 11
List the prime factors of 1684.
2, 421
What are the prime factors of 1492?
2, 373
List the prime factors of 5035.
5, 19, 53
List the prime factors of 460.
2, 5, 23
List the prime factors of 1501.
19, 79
List the prime factors of 21077.
7, 3011
What are the prime factors of 8719?
8719
List the prime factors of 934.
2, 467
What are the prime factors of 18727?
61, 307
List the prime factors of 1624.
2, 7, 29
List the prime factors of 100354.
2, 50177
What are the prime factors of 125379?
3, 13931
List the prime factors of 6605.
5, 1321
List the prime factors of 4602.
2, 3, 13, 59
What are the prime factors of 10203?
3, 19, 179
What are the prime factors of 103?
103
List the prime factors of 30560.
2, 5, 191
What are the prime factors of 50544?
2, 3, 13
What are the prime factors of 4825?
5, 193
List the prime factors of 11304.
2, 3, 157
List the prime factors of 59666.
2, 29833
What are the prime factors of 7979?
79, 101
List the prime factors of 11129.
31, 359
List the prime factors of 37169.
11, 31, 109
What are the prime factors of 4240?
2, 5, 53
What are the prime factors of 1333?
31, 43
List the prime factors of 11040.
2, 3, 5, 23
List the prime factors of 351.
3, 13
List the prime factors of 2707.
2707
What are the prime factors of 53346?
2, 3, 17, 523
List the prime factors of 58921.
58921
What are the prime factors of 4293?
3, 53
What are the prime factors of 997?
997
What are the prime factors of 97094?
2, 43, 1129
What are the prime factors of 1210?
2, 5, 11
List the prime factors of 1313.
13, 101
What are the prime factors of 145?
5, 29
What are the prime factors of 2034?
2, 3, 113
What are the prime factors of 3869?
53, 73
List the prime factors of 4537.
13, 349
What are the prime factors of 750?
2, 3, 5
List the prime factors of 40228.
2, 89, 113
List the prime factors of 1595.
5, 11, 29
What are the prime factors of 204?
2, 3, 17
What are the prime factors of 24160?
2, 5, 151
List the prime factors of 4156.
2, 1039
What are the prime factors of 520?
2, 5, 13
What are the prime factors of 662?
2, 331
What are the prime factors of 49226?
2, 151, 163
What are the prime factors of 336?
2, 3, 7
What are the prime factors of 26346?
2, 3, 4391
List the prime factors of 887.
887
List the prime factors of 28530.
2, 3, 5, 317
List the prime factors of 85544.
2, 17, 37
What are the prime factors of 476?
2, 7, 17
What are the prime factors of 15991?
15991
What are the prime factors of 95611?
23, 4157
What are the prime factors of 3161?
29, 109
What are the prime factors of 5507?
5507
What are the prime factors of 35399?
7, 13, 389
What are the prime factors of 29929?
173
List the prime factors of 156255.
3, 5, 11, 947
List the prime factors of 47407.
47407
List the prime factors of 30625.
5, 7
What are the prime factors of 1297?
1297
What are the prime factors of 1706?
2, 853
What are the prime factors of 1157?
13, 89
List the prime factors of 4421.
4421
What are the prime factors of 50140?
2, 5, 23, 109
What are the prime factors of 75242?
2, 17, 2213
What are the prime factors of 1894?
2, 947
What are the prime factors of 97912?
2, 12239
List the prime factors of 14949.
3, 11, 151
List the prime factors of 17416.
2, 7, 311
What are the prime factors of 12?
2, 3
List the prime factors of 788.
2, 197
List the prime factors of 14605.
5, 23, 127
List the prime factors of 15373.
15373
What are the prime factors of 144442?
2, 72221
What are the prime factors of 4306?
2, 2153
List the prime factors of 5553.
3, 617
What are the prime factors of 1861?
1861
List the prime factors of 79614.
2, 3, 4423
What are the prime factors of 251?
251
List the prime factors of 1272.
2, 3, 53
List the prime factors of 12201.
3, 7, 83
List the prime factors of 12894.
2, 3, 7, 307
List the prime factors of 1363.
29, 47
List the prime factors of 48375.
3, 5, 43
List the prime factors of 24283.
7, 3469
What are the prime factors of 1339?
13, 103
What are the prime factors of 13132?
2, 7, 67
List the prime factors of 48759.
3, 16253
What are the prime factors of 42913?
13, 3301
What are the prime factors of 450?
2, 3, 5
List the prime factors of 36.
2, 3
List the prime factors of 38627.
19, 107
What are the prime factors of 137803?
137803
List the prime factors of 7279.
29, 251
List the prime factors of 8385.
3, 5, 13, 43
What are the prime factors of 7281?
3, 809
What are the prime factors of 5389?
17, 317
What are the prime factors of 7274?
2, 3637
List the prime factors of 1022.
2, 7, 73
List the prime factors of 